s divided by t?
85
Let w = 149 - 73. Suppose 2*v - 7*k = -2*k + 53, w = 4*v - 4*k. Suppose 6*p - p + 4*l - 52 = 0, l + v = p. What is the remainder when 119 is divided by p?
11
Let x(r) = r**2 - 6*r - 4. Let d be 14/3*(-6)/(-4). Let t be x(d). What is the remainder when 17 is divided by -6*-3*t/9?
5
Let p(a) = 5*a**2 - 1. Let f = 64 - 68. What is the remainder when f/(-5)*(0 + 90) is divided by p(-2)?
15
Let i be (-246)/3*(63/(-6) - 4). Suppose 0*h = -29*h + i. Calculate the remainder when h is divided by 9.
5
Suppose 0 = k - 2, 29 = 5*m - 2*m - 2*k. Let z = 19 - m. Suppose -x = -11 - z. Calculate the remainder when 56 is divided by x.
18
Let n be 2*((-15)/2 - (-15 + 10)). Let t(z) = z**3 + 8*z**2 + 12*z + 8. Suppose 2*d - 18 = -d. Calculate the remainder when t(n) is divided by d.
5
Suppose 3*i + 6*i = 18. What is the remainder when 120 is divided by i/((-93)/(-33) + -3)*-3?
21
Suppose 2*a + 154 = m, -3*m - 175 + 657 = -a. What is the remainder when m is divided by ((-258)/33)/((-2960)/16280)?
33
Let w = -14459 - -15766. Calculate the remainder when w is divided by 132.
119
Suppose -11 = -4*w + 3*r, 8*w + r = 3*w + 9. What is the remainder when 1000 is divided by w?
0
Let r(l) = -38*l - 3850. What is the remainder when 416 is divided by r(-104)?
8
Let j = -272 + 275. Suppose -5*a + 2*k = 7*k - 60, -j*a - 4*k = -40. Suppose 28 = -0*y + 2*y. What is the remainder when y is divided by a?
6
Let i(l) = l**3 + 4*l**2 - 4*l + 7. Let p be i(-5). Suppose w = 0, 3*g + 0*w = -p*w + 42. Calculate the remainder when 8/(-24) + (-82)/(-3) is divided by g.
13
Let w(o) = -753*o - 226. What is the remainder when w(-1) is divided by 65?
7
Let r(z) = -z + 818. Calculate the remainder when r(-18) is divided by 48.
20
Let s = 397 + -221. Suppose s = -6*i + 656. Suppose 5*k + 15 = 5*c + 210, -2*k + 3*c + i = 0. What is the remainder when 145 is divided by k?
34
Suppose 3*d + 11 + 1 = 0, -3*d - 7 = m. Suppose f + q = 27, 1 = m*q + 11. Calculate the remainder when 228 is divided by f.
25
Suppose 186*d + 307 = 1674 + 679. Let q(s) = 75*s + 1. Let g be q(4). Suppose -d*u + 238 = -g. What is the remainder when u is divided by 17?
15
Suppose -2*j = -2, 0*u + u - 3*j - 13 = 0. Let c = u - 4. Let d(y) = y**3 - 8*y**2 - 14*y - 14. What is the remainder when d(10) is divided by c?
10
What is the remainder when (-156765)/(-30)*(-30)/(-15) is divided by 67?
66
Suppose 5*q + 3*z - 28 = 0, 3*q + z = -q + 21. Suppose 9 = 3*p, -q*p = i - 45 - 27. Let g(b) = 14*b + 2. What is the remainder when i is divided by g(2)?
27
Calculate the remainder when 129 is divided by (-733)/(-6) + (-332)/1992.
7
Let v(z) = -8*z + 100. Let n be v(7). Suppose -3*p - n = -152. Calculate the remainder when 66 is divided by p.
30
Let l = -16 + 48. Suppose -5*d + 395 + 90 = 0. Let b = d + -92. What is the remainder when l is divided by b?
2
Let n(k) = -7*k + 6. Let c be n(1). Let t be (-2 + 6)*c*2. Let g(p) = -19*p - 34. What is the remainder when g(t) is divided by 40?
38
Suppose -35 + 20 = -3*o + 5*n, 3*n - 15 = -3*o. Suppose 3*k + o*k = 632. What is the remainder when k is divided by 39?
1
Suppose 23*s - 63*s + 120 = 0. Suppose x + 578 = s*x - 4*h, 4*h = 20. Calculate the remainder when x is divided by 25.
24
Let h(o) = 10*o**2 - 551*o + 85. What is the remainder when 3087 is divided by h(55)?
27
Let y = 13 + -9. Suppose -y*g = -3*x + 28 + 11, 0 = -3*g. What is the remainder when 8 + 1635/(-210) - 8041/(-238) is divided by x?
8
Let x(j) = -38*j**3 + 458*j**2 - 12*j - 65. Calculate the remainder when x(12) is divided by 0 - ((-42)/2 - 1).
13
Let d(p) = p**2 - 7*p - 1046. What is the remainder when d(-55) is divided by 10?
4
Suppose -151*s + 150*s - z = -161, 0 = 4*z - 4. What is the remainder when s is divided by 6?
4
Calculate the remainder when 172 is divided by (2831/209 - 13) + (-494)/(-22).
11
Let s be ((-112)/(-6))/((-32)/(-48)). Calculate the remainder when 43 is divided by 4/16*s*27/21.
7
Let g(r) = 42*r - 244. Let n be g(6). Suppose -n*l + 1626 = -614. What is the remainder when l is divided by 91?
7
Suppose 2*v + 418 = 4*r - 3*v, 2*v = 4. Suppose 0 = -4*q + 20, 5*l - 48 - r = 4*q. What is the remainder when 97 is divided by l?
27
Let u = 7460 - 7448. Calculate the remainder when 251 is divided by u.
11
Suppose -4*w - 1 + 5 = 0. Let m(t) = 7*t - 2*t - 18 - w - t. What is the remainder when 1 is divided by m(5)?
0
Let o(t) = -t**2 - 12*t - 36. Let n be o(-6). Suppose -28*b - 4*u + 26 = -23*b, -b - 3*u + 14 = n. Calculate the remainder when 26 is divided by b.
0
Suppose 2*i + 19 = i. What is the remainder when 19 is divided by (-28 - i)*(-2)/3?
1
Let c(a) = -489*a + 3593. Calculate the remainder when c(5) is divided by 373.
29
Let w(i) = -i**3 + 66*i**2 + 139*i - 93. Calculate the remainder when 3987 is divided by w(68).
102
Let i(s) = -6*s**3 + 122*s**2 - 42*s + 56. Calculate the remainder when 3773 is divided by i(20).
13
Suppose -5*q = 3*s - 567, q = -s - 4 + 119. What is the remainder when q is divided by (16/(-14))/(9/(-252))?
15
What is the remainder when 1838 is divided by (-1148)/(-1435) + (0 - (-1162)/10) + -2?
113
Suppose -4*w = 4*f - 148, 2*w + 3*w = 0. Suppose 4*k - 129 = -41. Suppose 112 = 4*q - 5*l + k, 8 = -4*l. Calculate the remainder when f is divided by q.
17
Suppose p - 4 = -p, z + 5*p = 75. Suppose -z = 3*o - 86. Calculate the remainder when 44 is divided by o.
2
Suppose 1020 = 5*h + 2*d, 756 + 47 = 4*h - d. Let b = -112 + h. What is the remainder when b is divided by 23?
21
Let s(z) = -84*z**2 + 340*z - 8. Suppose 2*y - 4*y = -26. What is the remainder when y is divided by s(4)?
5
Suppose 0 = 2*j + 4*d + 296 - 424, -5*j - 2*d = -264. Calculate the remainder when 1798 is divided by j.
48
Let r(k) = 4*k**2 + 7*k + 2. Suppose -72*a = -75*a + 708. Let x = a - 163. Calculate the remainder when x is divided by r(-4).
35
Suppose 0 = 4*f - 2*r - 1674, -4*f + 1938 = r + 273. Calculate the remainder when f is divided by 203.
11
Let s = 28 - 25. Suppose 4*v + 2 = 3*v + 5*d, s*d = v. Suppose h = 3*r + 54, h + v*r - 33 = 15. What is the remainder when h is divided by 13?
12
Suppose -244 = -5*r - s, -3*r = -5*r + s + 92. Let f be ((-1)/4)/(12/(-816)). Suppose 0 = -13*y + f*y - r. What is the remainder when 31 is divided by y?
7
Suppose -13 = -2*p - 3*g + 52, -2*g + 179 = 5*p. Let m = p - 26. Calculate the remainder when 29 is divided by m.
7
Suppose 5848*q - 672 = 5840*q. Calculate the remainder when 1679 is divided by q.
83
Let o = -54 + 76. Let y = -423 - -508. What is the remainder when y is divided by o?
19
Suppose -63*r + 67*r = 12, 4*k - r = 12289. Calculate the remainder when k is divided by 306.
13
What is the remainder when (-6)/(36/(-10)) + (11 - (-5655)/9) is divided by 346?
295
Let b = 67547 + -67535. Calculate the remainder when 92/2*1/2 is divided by b.
11
Suppose 240*u = 250*u - 20. Suppose -5 = -3*o - 8, u*y + 3*o - 1845 = 0. What is the remainder when y is divided by 103?
100
Suppose -2 = 3*i - b, 2*b = -5*i - 0*b - 7. Let k be 81/6 + 1 - (-14)/(-28). Let w = k - i. What is the remainder when 57 is divided by w?
12
Let x be (36*58)/(-9) + 8. Let l = 113 - x. Calculate the remainder when l is divided by 57.
52
Let f(t) = -t**3 + 34*t**2 + 127*t - 1923. Suppose 0*w + w = 126. What is the remainder when w is divided by f(36)?
12
Suppose 3*w - 6*w = -108. Suppose -18*s + 60 = -12*s. Calculate the remainder when w is divided by s.
6
Calculate the remainder when 1419 is divided by ((-414)/(-115))/(22/8635).
6
Let x be (-2 + 55/15)*24. Let g = x + -35. What is the remainder when (-50)/(-20)*(-28)/(-5) is divided by g?
4
Suppose 61*x = 49*x + 24. Calculate the remainder when ((-24)/x)/(0 - 4/12) is divided by 10.
6
Suppose 126*r + 33422 - 95866 - 136006 = 0. What is the remainder when r is divided by 782?
11
Let c = 78 - 172. Let o = c + 143. Let w = 11 + -1. Calculate the remainder when o is divided by w.
9
Suppose 5*a = 2*p + p - 358, -419 = -4*p - 5*a. Let k = 11 + 27. What is the remainder when p is divided by k?
35
Suppose 164*l + 612 = 198*l. Let g(n) = 2*n**2 - 32. What is the remainder when g(7) is divided by l?
12
Let q = 2922 - 2912. What is the remainder when 1976 is divided by q?
6
Suppose 40*d - 48 = 32*d. Let z(j) = j**3 - 5*j**2 - 4*j + 2. What is the remainder 